ulate the remainder when j is divided by (-720)/(-21) + (-2)/7.
21
Suppose -14*u + 58 = -152. Suppose 74*c - u = 71*c. Calculate the remainder when 34 is divided by c.
4
Let p = -885 - -895. What is the remainder when 49 is divided by p?
9
Let s = 1520 - 1415. Let c(f) = -2*f**3 + 4*f**2 + 3*f. Let i be c(-2). Suppose -55 = -3*o + i. What is the remainder when s is divided by o?
24
Let d(x) = 8*x**2 + 18*x + 60. What is the remainder when 487 is divided by d(-6)?
7
Let o = 1594 - 930. Calculate the remainder when o is divided by 45.
34
What is the remainder when 570 is divided by (-882)/(-45) + 9 - 15/25?
10
Suppose 4080001 - 1078703 = 473*b - 438831. Calculate the remainder when b is divided by 97.
95
Let b(i) = i**2 - 23*i - 150. Let m be b(-5). What is the remainder when (-1429)/m + 1/20*2 is divided by 21?
17
Suppose -3*y + 116 = -3*k - 664, -2*k = y - 272. What is the remainder when 10027 is divided by y?
259
Let z = 148 + -148. Suppose -4*n + n + 120 = z. Calculate the remainder when 159 is divided by n.
39
Suppose 0 = 57*g - 138*g + 19995 + 8517. What is the remainder when g is divided by 163?
26
Let j(h) = 4*h**2 + 207*h + 2848. Calculate the remainder when 649 is divided by j(-15).
6
Suppose -17675 = 56*x - 54075. What is the remainder when x is divided by 82?
76
Let j(d) = d**3 + 13*d**2 - d + 10. Let u = 48 - 50. Let a be (-26)/(-8)*2*u. What is the remainder when 90 is divided by j(a)?
21
Let q(r) = -r**3 + 6*r**2 + 14*r - 49. Let i be q(7). Suppose -5*k = 3*s - 249, 2*s + i*s - 166 = -5*k. What is the remainder when s is divided by 24?
11
Let a = -40 - -51. Let s = 39 + -39. Suppose -108 + s = -2*m. What is the remainder when m is divided by a?
10
Suppose -109771 = -60*s + 79349. Calculate the remainder when s is divided by 166.
164
Let a = -90 - -85. What is the remainder when ((-13)/2)/(a + 49/10) is divided by (17/5)/((-8)/(-40))?
14
Suppose 12*q = 17*q - 20, -5*q - 600 = -2*s. What is the remainder when s is divided by 102?
4
Suppose -2658 = 220*u - 4638. Suppose -4*w + 3*h + 259 = 0, -w - 4*h + 30 = -49. Calculate the remainder when w is divided by u.
4
Suppose t = -0*t - 5*j + 381, -2136 = -6*t - 5*j. Calculate the remainder when t is divided by 19.
9
Let f(g) = -388*g - 2678. Calculate the remainder when 1701 is divided by f(-7).
29
What is the remainder when ((-85)/(7 - 12))/(1/73) is divided by 89?
84
Let g = 93 - 253. Calculate the remainder when 297 is divided by ((-63)/14)/(4/(g/6)).
27
Suppose 2*a + 7*z = 3*z + 652, -4*a - 4*z = -1292. Suppose n - h + 0*h - 320 = 0, h - a = -n. What is the remainder when n is divided by 23?
21
Suppose -4*q + 31 = -0*r + r, -4*q + 28 = 4*r. Suppose 0 = 2*k + q, -3*p + 140 = p - 5*k. What is the remainder when p is divided by (21/(-12))/((-4)/16)?
2
Suppose 10*m - 214 = 716. Suppose -m = -5*o + 4*o + 5*k, -4*o + 372 = 5*k. Calculate the remainder when o is divided by 33.
27
Let u(v) = 369*v**2 - 5*v + 6. Let x be u(6). Calculate the remainder when 146 + 2 + (-1)/1 is divided by (-2)/(-9) + x/351.
33
Let t be ((-42)/28)/(2/(-412)). Suppose -41 = -4*s - q + 374, 3*s + 3*q - t = 0. Calculate the remainder when s is divided by 27.
23
Let g(o) = 18*o**2 + 147*o + 65. What is the remainder when 136 is divided by g(-8)?
13
Let b = 1629 - 1624. Suppose -2*h - 3*h = -4*q + 143, 0 = 3*q + 5*h - 116. Calculate the remainder when q is divided by b.
2
Suppose 35 = 5*s - 2*k, 3*s - 21 = 4*k - 2*k. Suppose -s + 25 = 3*d. Suppose 2*p - 3*p + d = 0. Calculate the remainder when 16 is divided by p.
4
Let t(y) be the first derivative of -y**4/4 - 23*y**3/3 + y**2/2 + 42*y - 248. Let u = -62 + 39. What is the remainder when t(u) is divided by 11?
8
Let d(g) = -3*g + 11. Let b be d(0). Suppose 6*t + 35 = b*t. Suppose -3*r + o + 44 = 0, -2*r - 33 = -3*r + 4*o. What is the remainder when r is divided by t?
6
Suppose -5*i - 10 = 0, -u - u + 90 = 2*i. What is the remainder when (36 - -2)/((11 - 585/54)/1) is divided by u?
40
Let g = -572 + 585. Let i be (-2)/9 - 145/(-45). Suppose i*x + 17 = -c + 159, 0 = -5*c - 10. Calculate the remainder when x is divided by g.
9
Let f = 29 - 23. Suppose -6*l = -3*w - 3*l + f, 0 = 4*w - 3*l - 8. Suppose -w*j + 72 - 62 = 0. What is the remainder when 10 is divided by j?
0
Suppose 9*z + 7*z - 9*z = 1260. Calculate the remainder when 236 is divided by z.
56
Let i = -587 - -889. Let h = i + -280. What is the remainder when h is divided by 12?
10
Suppose -9*v + 2659 = -1301. What is the remainder when 262 is divided by (12/20)/(8/v)?
31
Let l be ((-2)/4)/(-2*(-5)/120). Let x(y) = 2 - y**2 - 6*y - 3 + 3. What is the remainder when 7 is divided by x(l)?
1
Let d(k) = -2*k**2 + 2. Suppose -3*f + 0*s = -3*s, -2*s = 2*f. Let q be d(f). What is the remainder when -14*3/6*-3*q is divided by 23?
19
Let q be 4/(-7) + (984/56 - -5). Let g = -24 + 34. Let v = q + g. Calculate the remainder when v is divided by 9.
5
Let q = 101 + -100. Calculate the remainder when ((-12)/(-9) - q)/(9/2511) is divided by 25.
18
Let s(k) = k**3 + 5*k**2 - 6*k + 12. Let n be s(-6). Let v = -24 + n. Calculate the remainder when 68 is divided by (-1 - 35)*6/v.
14
Let l be (-12 - -11)*(0 + 145 + 0). Let j = l + 256. What is the remainder when j is divided by 28?
27
Let z = -153 - -153. Suppose -29*m + 36*m - 28 = z. Let o = 10 - 2. Calculate the remainder when o is divided by m.
0
Let d be 5 - 4 - (56 + 0). Suppose 56*g - 902 + 5718 = 0. Let u = d - g. Calculate the remainder when u is divided by 13.
5
Let n(b) = -3*b**3 - 73*b**2 + 51*b + 77. What is the remainder when 2806 is divided by n(-25)?
50
Suppose 140 = 335*v - 328*v. Suppose v*m - 784 = -8*m. Calculate the remainder when 99 is divided by m.
15
Let p(v) = -9*v**2 + 82*v + 849. Let t(u) = u**3 + 5*u**2 + 4*u + 1. What is the remainder when p(15) is divided by t(-3)?
5
Let m = 2121 - 1992. Calculate the remainder when m is divided by 32.
1
Suppose 5*t + 141 = 621. Let o = t + -53. Suppose 44*k + 672 = 48*k. Calculate the remainder when k is divided by o.
39
Let m = 171 + -160. What is the remainder when 27 + ((1 - 2) + 2)*1 is divided by m?
6
Suppose 0 = -26*d + 22*d + 56. Suppose 1 = -d*f + 15*f. What is the remainder when 1 is divided by f?
0
Suppose 0*v + 2*v = -s + 12, v - 8 = -s. Suppose 3*l + 6*b - b - 45 = 0, 5*b = -v*l + 65. Calculate the remainder when 98 is divided by l.
18
Let v = 8191 - 7390. Calculate the remainder when v is divided by 292.
217
Suppose 0 = -13*u + 21*u + 16, 2*j - 132 = -2*u. What is the remainder when j is divided by 24?
20
Let r(l) = -4*l**3 - 11*l**2 - 8*l - 7. Let f be r(-3). Suppose -7*j - 114 = -f*j. Suppose 4*x - 140 = -x. Calculate the remainder when x is divided by j.
4
Let r = 53 - 25. Let l(d) = -5*d**2 + 15*d + 16. Let v be l(4). What is the remainder when 46 + (-16)/v + -1 + 1 is divided by r?
22
Let l(t) = -28*t - 2. Suppose -65 = 3938*s - 3939*s - r, 3*s = 4*r + 244. What is the remainder when l(-5) is divided by s?
66
Let c = 104 - 24. Calculate the remainder when c is divided by 4/(-8)*((-212)/9 - (-48)/(-108)).
8
Let l = -691 - 81. Let o = l - -799. Calculate the remainder when o is divided by 10.
7
Let k = 91 - -1014. What is the remainder when k is divided by 41?
39
Suppose -2*q = 5*z - 385, -588 = -3*q + 437*z - 441*z. What is the remainder when q is divided by 178?
22
Let q(w) = -97*w + 6828. Calculate the remainder when 9853 is divided by q(69).
133
Let w = 55 + -50. Suppose -2*b = -w*y + 5, 12*y - 11*y + 35 = 4*b. Suppose b*f = 16*f - 138. Calculate the remainder when f is divided by 12.
11
Suppose -2*o + 81 = 3*t, 5*o - 135 = -5*t + o. Suppose p - 21 = -4*w, p + w - t = 3*w. Let h(k) = -k**2 + 14. What is the remainder when p is divided by h(0)?
11
Let x be (3/3)/(4/(-8)). Let c be (-10)/x + (-3 - -2). Suppose 12 = -2*p + c*p. Calculate the remainder when 25 is divided by p.
1
Suppose -5*h + 50 = -5*g, 2*g = -h - 0 - 5. Let p(z) = -z**3 - 6*z**2 - 8*z - 3. Let m = -7828 + 7832. What is the remainder when p(g) is divided by m?
0
Suppose 3*x - 24 - 12 = 0. Suppose -18 - 153 = -9*w. What is the remainder when x is divided by w/3 + 8/12?
5
Suppose -4*q - 4*w + 90 = -3*q, 3*q - 4*w = 190. Suppose -3*y = 2*l + 15, -l + 5*y + 6 = -6. What is the remainder when q is divided by (l + 6)*(13 + 2)/5?
7
Let y(m)